{"id":4079,"date":"2025-05-29T08:24:05","date_gmt":"2025-05-29T06:24:05","guid":{"rendered":"https:\/\/kozelafrikahoz.hu\/?page_id=4079"},"modified":"2025-07-02T14:36:59","modified_gmt":"2025-07-02T12:36:59","slug":"fesztivalszervezes","status":"publish","type":"page","link":"https:\/\/kozelafrikahoz.hu\/en\/fesztivalszervezes\/","title":{"rendered":"Festival organising"},"content":{"rendered":"\n[et_pb_section fb_built=&#8221;1&#8243; _builder_version=&#8221;4.21.0&#8243; global_colors_info=&#8221;{}&#8221;][et_pb_row _builder_version=&#8221;4.16&#8243; background_size=&#8221;initial&#8221; background_position=&#8221;top_left&#8221; background_repeat=&#8221;repeat&#8221; custom_padding=&#8221;26px|||||&#8221; global_colors_info=&#8221;{}&#8221;][et_pb_column type=&#8221;4_4&#8243; _builder_version=&#8221;4.16&#8243; custom_padding=&#8221;|||&#8221; global_colors_info=&#8221;{}&#8221; custom_padding__hover=&#8221;|||&#8221;][et_pb_text _builder_version=&#8221;4.21.0&#8243; background_size=&#8221;initial&#8221; background_position=&#8221;top_left&#8221; background_repeat=&#8221;repeat&#8221; global_colors_info=&#8221;{}&#8221;]<h1 style=\"text-align: center;\">Fesztiv\u00e1lok szervez\u00e9se<\/h1>\n<p><span style=\"font-size: 16px;\">T\u00f6bb afrikai t\u00e9m\u00e1j\u00fa fesztiv\u00e1l szervez\u00e9s\u00e9ben is tev\u00e9kenyen r\u00e9szt vett\u00fcnk az elm\u00falt \u00e9vekben, l\u00e1sd: Ez Afrika! vagy Afrikai Mozaik fesztiv\u00e1l. Sz\u00edvesen v\u00e1llalunk hasonl\u00f3 feladatot, de ak\u00e1r z\u00e1rt k\u00f6r\u00fcbb iskolai Afrika nap megszervez\u00e9s\u00e9t is.<\/span><\/p>\n<p><span style=\"font-size: 16px;\"><\/span><\/p>\n<div class=\"et_pb_module et_pb_text et_pb_text_14  et_pb_text_align_left et_pb_bg_layout_light\">\n<div class=\"et_pb_text_inner\">\n<h3>Kerekasztalbesz\u00e9lget\u00e9sek<\/h3>\n<\/div>\n<\/div>\n<div class=\"et_pb_module et_pb_text et_pb_text_15  et_pb_text_align_left et_pb_bg_layout_light\">\n<div class=\"et_pb_text_inner\">\n<p>Alap\u00edtv\u00e1nyunk szervez\u00e9s\u00e9ben t\u00f6bb olyan kerekasztalbesz\u00e9lget\u00e9s is megval\u00f3sult, ahol egy-egy afrikai\u00a0 t\u00e9m\u00e1hoz kapcsol\u00f3d\u00f3 szakemberek besz\u00e9lgettek.<\/p>\n<p>&nbsp;<\/p>\n<div class=\"et_pb_module et_pb_text et_pb_text_16  et_pb_text_align_left et_pb_bg_layout_light\">\n<div class=\"et_pb_text_inner\">\n<h3>Ki\u00e1ll\u00edt\u00e1sok<\/h3>\n<\/div>\n<\/div>\n<div class=\"et_pb_module et_pb_text et_pb_text_17  et_pb_text_align_left et_pb_bg_layout_light\">\n<div class=\"et_pb_text_inner\">\n<p>T\u00f6r\u00f6s K\u00e1roly, magyar sz\u00e1rmaz\u00e1s\u00fa, nemzetk\u00f6zi h\u00edr\u0171 \u00fasz\u00f3edz\u0151, aki 30 \u00e9vig \u00e9lt Afrik\u00e1ban jelent\u0151s afrikai szobor, \u00e1llarc \u00e9s k\u00e9p gy\u0171jtem\u00e9nyt adom\u00e1nyozott alap\u00edtv\u00e1nyunknak. Ezekb\u0151l a t\u00e1rgyakb\u00f3l Afrika M\u0171v\u00e9szete c\u00edmet szervez\u00fcnk ki\u00e1ll\u00edt\u00e1sokat.<\/p>\n<\/div>\n<\/div>\n<\/div>\n<\/div>\n<p><!-- \/divi:paragraph --><\/p>[\/et_pb_text][et_pb_gallery gallery_ids=&#8221;3524,529,3525,502&#8243; show_title_and_caption=&#8221;off&#8221; show_pagination=&#8221;off&#8221; _builder_version=&#8221;4.21.0&#8243; _module_preset=&#8221;default&#8221; global_colors_info=&#8221;{}&#8221;][\/et_pb_gallery][\/et_pb_column][\/et_pb_row][et_pb_row column_structure=&#8221;1_2,1_2&#8243; _builder_version=&#8221;4.16&#8243; _module_preset=&#8221;default&#8221; custom_padding=&#8221;0px|||||&#8221; global_colors_info=&#8221;{}&#8221;][et_pb_column type=&#8221;1_2&#8243; _builder_version=&#8221;4.16&#8243; _module_preset=&#8221;default&#8221; global_colors_info=&#8221;{}&#8221;][et_pb_image src=&#8221;https:\/\/kozelafrikahoz.hu\/wp-content\/uploads\/2022\/04\/48.02-scaled.jpg&#8221; title_text=&#8221;ki\u00e1ll\u00edt\u00e1s&#8221; _builder_version=&#8221;4.16&#8243; _module_preset=&#8221;default&#8221; global_colors_info=&#8221;{}&#8221;][\/et_pb_image][\/et_pb_column][et_pb_column type=&#8221;1_2&#8243; _builder_version=&#8221;4.16&#8243; _module_preset=&#8221;default&#8221; global_colors_info=&#8221;{}&#8221;][et_pb_image src=&#8221;https:\/\/kozelafrikahoz.hu\/wp-content\/uploads\/2022\/04\/74.02-scaled.jpg&#8221; title_text=&#8221;ki\u00e1ll\u00edt\u00e1s2&#8243; _builder_version=&#8221;4.16&#8243; _module_preset=&#8221;default&#8221; global_colors_info=&#8221;{}&#8221;][\/et_pb_image][\/et_pb_column][\/et_pb_row][et_pb_row _builder_version=&#8221;4.21.0&#8243; _module_preset=&#8221;default&#8221; global_colors_info=&#8221;{}&#8221;][et_pb_column type=&#8221;4_4&#8243; _builder_version=&#8221;4.21.0&#8243; _module_preset=&#8221;default&#8221; global_colors_info=&#8221;{}&#8221;][et_pb_text _builder_version=&#8221;4.21.0&#8243; _module_preset=&#8221;default&#8221; global_colors_info=&#8221;{}&#8221;]<h2>Kapcsol\u00f3d\u00f3 h\u00edrek<\/h2>[\/et_pb_text][et_pb_blog posts_number=&#8221;3&#8243; include_categories=&#8221;43&#8243; show_more=&#8221;on&#8221; show_author=&#8221;off&#8221; show_categories=&#8221;off&#8221; show_pagination=&#8221;off&#8221; _builder_version=&#8221;4.21.0&#8243; _module_preset=&#8221;default&#8221; hover_enabled=&#8221;0&#8243; custom_css_main_element=&#8221;div:has(article) {||display: flex;||flex-wrap: wrap;||gap: 1rem;||justify-content: center;||max-width: 100%;||}||article {||  display: flex;||  flex-direction: column;||  text-wrap: balance;||  width: 250px;||}||&#8221; custom_css_title=&#8221;padding-top: 0.5rem;&#8221; custom_css_featured_image=&#8221;height: 250px !important;||object-fit: cover;||padding: 0;||margin: 0;||&#8221; global_colors_info=&#8221;{}&#8221; custom_css_main_element_last_edited=&#8221;on|tablet&#8221; custom_css_main_element_tablet=&#8221;div:has(article) {||display: flex;||flex-wrap: wrap;||gap: 1rem;||justify-content: center;||max-width: 100%;||}||article {||  display: flex;||  flex-direction: column;||  text-wrap: balance;||  width: 100%;||}||&#8221; custom_css_main_element_phone=&#8221;div:has(article) {||display: flex;||flex-wrap: wrap;||gap: 1rem;||justify-content: center;||max-width: 100%;||}||article {||  display: flex;||  flex-direction: column;||  text-wrap: balance;||  width: 100%;||}||&#8221; sticky_enabled=&#8221;0&#8243;][\/et_pb_blog][\/et_pb_column][\/et_pb_row][\/et_pb_section]\n","protected":false},"excerpt":{"rendered":"<p>Fesztiv\u00e1lok szervez\u00e9se T\u00f6bb afrikai t\u00e9m\u00e1j\u00fa fesztiv\u00e1l szervez\u00e9s\u00e9ben is tev\u00e9kenyen r\u00e9szt vett\u00fcnk az elm\u00falt \u00e9vekben, l\u00e1sd: Ez Afrika! vagy Afrikai Mozaik fesztiv\u00e1l. Sz\u00edvesen v\u00e1llalunk hasonl\u00f3 feladatot, de ak\u00e1r z\u00e1rt k\u00f6r\u00fcbb iskolai Afrika nap megszervez\u00e9s\u00e9t is. Kerekasztalbesz\u00e9lget\u00e9sek Alap\u00edtv\u00e1nyunk szervez\u00e9s\u00e9ben t\u00f6bb olyan kerekasztalbesz\u00e9lget\u00e9s is megval\u00f3sult, ahol egy-egy afrikai\u00a0 t\u00e9m\u00e1hoz kapcsol\u00f3d\u00f3 szakemberek besz\u00e9lgettek. &nbsp; Ki\u00e1ll\u00edt\u00e1sok T\u00f6r\u00f6s K\u00e1roly, magyar sz\u00e1rmaz\u00e1s\u00fa, [&hellip;]<\/p>\n","protected":false},"author":3,"featured_media":0,"parent":0,"menu_order":0,"comment_status":"closed","ping_status":"closed","template":"","meta":{"_et_pb_use_builder":"on","_et_pb_old_content":"","_et_gb_content_width":"","footnotes":""},"class_list":["post-4079","page","type-page","status-publish","hentry"],"_links":{"self":[{"href":"https:\/\/kozelafrikahoz.hu\/en\/wp-json\/wp\/v2\/pages\/4079","targetHints":{"allow":["GET"]}}],"collection":[{"href":"https:\/\/kozelafrikahoz.hu\/en\/wp-json\/wp\/v2\/pages"}],"about":[{"href":"https:\/\/kozelafrikahoz.hu\/en\/wp-json\/wp\/v2\/types\/page"}],"author":[{"embeddable":true,"href":"https:\/\/kozelafrikahoz.hu\/en\/wp-json\/wp\/v2\/users\/3"}],"replies":[{"embeddable":true,"href":"https:\/\/kozelafrikahoz.hu\/en\/wp-json\/wp\/v2\/comments?post=4079"}],"version-history":[{"count":12,"href":"https:\/\/kozelafrikahoz.hu\/en\/wp-json\/wp\/v2\/pages\/4079\/revisions"}],"predecessor-version":[{"id":4294,"href":"https:\/\/kozelafrikahoz.hu\/en\/wp-json\/wp\/v2\/pages\/4079\/revisions\/4294"}],"wp:attachment":[{"href":"https:\/\/kozelafrikahoz.hu\/en\/wp-json\/wp\/v2\/media?parent=4079"}],"curies":[{"name":"wp","href":"https:\/\/api.w.org\/{rel}","templated":true}]}}

[et_pb_section fb_built=&#8221;1&#8243; _builder_version=&#8221;4.21.0&#8243; global_colors_info=&#8221;{}&#8221;][et_pb_row _builder_version=&#8221;4.16&#8243; background_size=&#8221;initial&#8221; background_position=&#8221;top_left&#8221; background_repeat=&#8221;repeat&#8221; custom_padding=&#8221;26px|||||&#8221; global_colors_info=&#8221;{}&#8221;][et_pb_column type=&#8221;4_4&#8243; _builder_version=&#8221;4.16&#8243; custom_padding=&#8221;|||&#8221; global_colors_info=&#8221;{}&#8221; custom_padding__hover=&#8221;|||&#8221;][et_pb_text _builder_version=&#8221;4.21.0&#8243; background_size=&#8221;initial&#8221; background_position=&#8221;top_left&#8221; background_repeat=&#8221;repeat&#8221; global_colors_info=&#8221;{}&#8221;]<h1 style="text-align: center;">Fesztiválok szervezése</h1>
<p><span style="font-size: 16px;">Több afrikai témájú fesztivál szervezésében is tevékenyen részt vettünk az elmúlt években, lásd: Ez Afrika! vagy Afrikai Mozaik fesztivál. Szívesen vállalunk hasonló feladatot, de akár zárt körübb iskolai Afrika nap megszervezését is.</span></p>
<p><span style="font-size: 16px;"></span></p>
<div class="et_pb_module et_pb_text et_pb_text_14  et_pb_text_align_left et_pb_bg_layout_light">
<div class="et_pb_text_inner">
<h3>Kerekasztalbeszélgetések</h3>
</div>
</div>
<div class="et_pb_module et_pb_text et_pb_text_15  et_pb_text_align_left et_pb_bg_layout_light">
<div class="et_pb_text_inner">
<p>Alapítványunk szervezésében több olyan kerekasztalbeszélgetés is megvalósult, ahol egy-egy afrikai  témához kapcsolódó szakemberek beszélgettek.</p>
<p>&nbsp;</p>
<div class="et_pb_module et_pb_text et_pb_text_16  et_pb_text_align_left et_pb_bg_layout_light">
<div class="et_pb_text_inner">
<h3>Kiállítások</h3>
</div>
</div>
<div class="et_pb_module et_pb_text et_pb_text_17  et_pb_text_align_left et_pb_bg_layout_light">
<div class="et_pb_text_inner">
<p>Törös Károly, magyar származású, nemzetközi hírű úszóedző, aki 30 évig élt Afrikában jelentős afrikai szobor, állarc és kép gyűjteményt adományozott alapítványunknak. Ezekből a tárgyakból Afrika Művészete címet szervezünk kiállításokat.</p>
</div>
</div>
</div>
</div>
<p><!-- /divi:paragraph --></p>[/et_pb_text][et_pb_gallery gallery_ids=&#8221;3524,529,3525,502&#8243; show_title_and_caption=&#8221;off&#8221; show_pagination=&#8221;off&#8221; _builder_version=&#8221;4.21.0&#8243; _module_preset=&#8221;default&#8221; global_colors_info=&#8221;{}&#8221;][/et_pb_gallery][/et_pb_column][/et_pb_row][et_pb_row column_structure=&#8221;1_2,1_2&#8243; _builder_version=&#8221;4.16&#8243; _module_preset=&#8221;default&#8221; custom_padding=&#8221;0px|||||&#8221; global_colors_info=&#8221;{}&#8221;][et_pb_column type=&#8221;1_2&#8243; _builder_version=&#8221;4.16&#8243; _module_preset=&#8221;default&#8221; global_colors_info=&#8221;{}&#8221;][et_pb_image src=&#8221;https://kozelafrikahoz.hu/wp-content/uploads/2022/04/48.02-scaled.jpg&#8221; title_text=&#8221;kiállítás&#8221; _builder_version=&#8221;4.16&#8243; _module_preset=&#8221;default&#8221; global_colors_info=&#8221;{}&#8221;][/et_pb_image][/et_pb_column][et_pb_column type=&#8221;1_2&#8243; _builder_version=&#8221;4.16&#8243; _module_preset=&#8221;default&#8221; global_colors_info=&#8221;{}&#8221;][et_pb_image src=&#8221;https://kozelafrikahoz.hu/wp-content/uploads/2022/04/74.02-scaled.jpg&#8221; title_text=&#8221;kiállítás2&#8243; _builder_version=&#8221;4.16&#8243; _module_preset=&#8221;default&#8221; global_colors_info=&#8221;{}&#8221;][/et_pb_image][/et_pb_column][/et_pb_row][et_pb_row _builder_version=&#8221;4.21.0&#8243; _module_preset=&#8221;default&#8221; global_colors_info=&#8221;{}&#8221;][et_pb_column type=&#8221;4_4&#8243; _builder_version=&#8221;4.21.0&#8243; _module_preset=&#8221;default&#8221; global_colors_info=&#8221;{}&#8221;][et_pb_text _builder_version=&#8221;4.21.0&#8243; _module_preset=&#8221;default&#8221; global_colors_info=&#8221;{}&#8221;]<h2>Kapcsolódó hírek</h2>[/et_pb_text][et_pb_blog posts_number=&#8221;3&#8243; include_categories=&#8221;43&#8243; show_more=&#8221;on&#8221; show_author=&#8221;off&#8221; show_categories=&#8221;off&#8221; show_pagination=&#8221;off&#8221; _builder_version=&#8221;4.21.0&#8243; _module_preset=&#8221;default&#8221; hover_enabled=&#8221;0&#8243; custom_css_main_element=&#8221;div:has(article) {||display: flex;||flex-wrap: wrap;||gap: 1rem;||justify-content: center;||max-width: 100%;||}||article {||  display: flex;||  flex-direction: column;||  text-wrap: balance;||  width: 250px;||}||&#8221; custom_css_title=&#8221;padding-top: 0.5rem;&#8221; custom_css_featured_image=&#8221;height: 250px !important;||object-fit: cover;||padding: 0;||margin: 0;||&#8221; global_colors_info=&#8221;{}&#8221; custom_css_main_element_last_edited=&#8221;on|tablet&#8221; custom_css_main_element_tablet=&#8221;div:has(article) {||display: flex;||flex-wrap: wrap;||gap: 1rem;||justify-content: center;||max-width: 100%;||}||article {||  display: flex;||  flex-direction: column;||  text-wrap: balance;||  width: 100%;||}||&#8221; custom_css_main_element_phone=&#8221;div:has(article) {||display: flex;||flex-wrap: wrap;||gap: 1rem;||justify-content: center;||max-width: 100%;||}||article {||  display: flex;||  flex-direction: column;||  text-wrap: balance;||  width: 100%;||}||&#8221; sticky_enabled=&#8221;0&#8243;][/et_pb_blog][/et_pb_column][/et_pb_row][/et_pb_section]

<p>Fesztiválok szervezése Több afrikai témájú fesztivál szervezésében is tevékenyen részt vettünk az elmúlt években, lásd: Ez Afrika! vagy Afrikai Mozaik fesztivál. Szívesen vállalunk hasonló feladatot, de akár zárt körübb iskolai Afrika nap megszervezését is. Kerekasztalbeszélgetések Alapítványunk szervezésében több olyan kerekasztalbeszélgetés is megvalósult, ahol egy-egy afrikai  témához kapcsolódó szakemberek beszélgettek. &nbsp; Kiállítások Törös Károly, magyar származású, [&hellip;]</p>
