{"id":4073,"date":"2025-05-29T08:22:17","date_gmt":"2025-05-29T06:22:17","guid":{"rendered":"https:\/\/kozelafrikahoz.hu\/?page_id=4073"},"modified":"2025-07-02T14:36:01","modified_gmt":"2025-07-02T12:36:01","slug":"eloadasokafrikarol","status":"publish","type":"page","link":"https:\/\/kozelafrikahoz.hu\/en\/eloadasokafrikarol\/","title":{"rendered":"Presentations on Africa"},"content":{"rendered":"\n[et_pb_section fb_built=&#8221;1&#8243; _builder_version=&#8221;4.21.0&#8243; global_colors_info=&#8221;{}&#8221;][et_pb_row _builder_version=&#8221;4.16&#8243; background_size=&#8221;initial&#8221; background_position=&#8221;top_left&#8221; background_repeat=&#8221;repeat&#8221; custom_padding=&#8221;26px|||||&#8221; global_colors_info=&#8221;{}&#8221;][et_pb_column type=&#8221;4_4&#8243; _builder_version=&#8221;4.16&#8243; custom_padding=&#8221;|||&#8221; global_colors_info=&#8221;{}&#8221; custom_padding__hover=&#8221;|||&#8221;][et_pb_text _builder_version=&#8221;4.21.0&#8243; background_size=&#8221;initial&#8221; background_position=&#8221;top_left&#8221; background_repeat=&#8221;repeat&#8221; global_colors_info=&#8221;{}&#8221;]<h1 style=\"text-align: center;\">El\u0151ad\u00e1sok Afrik\u00e1r\u00f3l<\/h1>\n<p><span style=\"font-size: 16px;\">Magyarorsz\u00e1gi tev\u00e9kenys\u00e9g\u00fcnk keret\u00e9ben sz\u00edvesen mes\u00e9l\u00fcnk Afrik\u00e1r\u00f3l b\u00e1rmikor b\u00e1rmilyen koroszt\u00e1lynak.\u00a0 Leggyakrabban k\u00f6z\u00e9p \u00e9s \u00e1ltal\u00e1nos iskol\u00e1kba j\u00e1runk \u00e9s tan\u00f3ra keret\u00e9ben tartunk \u00e9rz\u00e9keny\u00edt\u0151 el\u0151ad\u00e1sokat, foglalkoz\u00e1sokat gyerekeknek, de tartottunk m\u00e1r egyetemi szinten is \u00e9s \u00f3vod\u00e1ban is programot.<\/span><\/p>\n<p>&nbsp;<\/p>\n<!-- \/divi:paragraph -->[\/et_pb_text][\/et_pb_column][\/et_pb_row][et_pb_row column_structure=&#8221;1_2,1_2&#8243; _builder_version=&#8221;4.21.0&#8243; _module_preset=&#8221;default&#8221; global_colors_info=&#8221;{}&#8221;][et_pb_column type=&#8221;1_2&#8243; _builder_version=&#8221;4.21.0&#8243; _module_preset=&#8221;default&#8221; global_colors_info=&#8221;{}&#8221;][et_pb_image src=&#8221;https:\/\/kozelafrikahoz.hu\/wp-content\/uploads\/2025\/06\/magyarorszagon-konferencia.png&#8221; title_text=&#8221;magyarorszagon-konferencia&#8221; _builder_version=&#8221;4.21.0&#8243; _module_preset=&#8221;default&#8221; global_colors_info=&#8221;{}&#8221;][\/et_pb_image][\/et_pb_column][et_pb_column type=&#8221;1_2&#8243; _builder_version=&#8221;4.21.0&#8243; _module_preset=&#8221;default&#8221; global_colors_info=&#8221;{}&#8221;][et_pb_image src=&#8221;https:\/\/kozelafrikahoz.hu\/wp-content\/uploads\/2025\/06\/magyarorszagon-konferencia-2.png&#8221; title_text=&#8221;magyarorszagon-konferencia-2&#8243; _builder_version=&#8221;4.21.0&#8243; _module_preset=&#8221;default&#8221; global_colors_info=&#8221;{}&#8221;][\/et_pb_image][\/et_pb_column][\/et_pb_row][et_pb_row _builder_version=&#8221;4.21.0&#8243; _module_preset=&#8221;default&#8221; global_colors_info=&#8221;{}&#8221;][et_pb_column type=&#8221;4_4&#8243; _builder_version=&#8221;4.21.0&#8243; _module_preset=&#8221;default&#8221; global_colors_info=&#8221;{}&#8221;][et_pb_text _builder_version=&#8221;4.21.0&#8243; _module_preset=&#8221;default&#8221; global_colors_info=&#8221;{}&#8221;]<h2>Kapcsol\u00f3d\u00f3 h\u00edrek<\/h2>[\/et_pb_text][et_pb_blog posts_number=&#8221;3&#8243; include_categories=&#8221;44&#8243; show_more=&#8221;on&#8221; show_author=&#8221;off&#8221; show_categories=&#8221;off&#8221; show_pagination=&#8221;off&#8221; _builder_version=&#8221;4.21.0&#8243; _module_preset=&#8221;default&#8221; hover_enabled=&#8221;0&#8243; custom_css_main_element=&#8221;div:has(article) {||display: flex;||flex-wrap: wrap;||gap: 1rem;||justify-content: center;||max-width: 100%;||}||article {||  display: flex;||  flex-direction: column;||  text-wrap: balance;||  width: 250px;||}||||&#8221; custom_css_title=&#8221;padding-top: 0.5rem;&#8221; custom_css_featured_image=&#8221;height: 250px !important;||object-fit: cover;||padding: 0;||margin: 0;||&#8221; global_colors_info=&#8221;{}&#8221; custom_css_main_element_last_edited=&#8221;on|tablet&#8221; custom_css_main_element_tablet=&#8221;div:has(article) {||display: flex;||flex-wrap: wrap;||gap: 1rem;||justify-content: center;||max-width: 100%;||}||article {||  display: flex;||  flex-direction: column;||  text-wrap: balance;||  width: 100%;||}||&#8221; custom_css_main_element_phone=&#8221;div:has(article) {||display: flex;||flex-wrap: wrap;||gap: 1rem;||justify-content: center;||max-width: 100%;||}||article {||  display: flex;||  flex-direction: column;||  text-wrap: balance;||  width: 100%;||}||&#8221; sticky_enabled=&#8221;0&#8243;][\/et_pb_blog][\/et_pb_column][\/et_pb_row][\/et_pb_section]\n","protected":false},"excerpt":{"rendered":"<p>El\u0151ad\u00e1sok Afrik\u00e1r\u00f3l Magyarorsz\u00e1gi tev\u00e9kenys\u00e9g\u00fcnk keret\u00e9ben sz\u00edvesen mes\u00e9l\u00fcnk Afrik\u00e1r\u00f3l b\u00e1rmikor b\u00e1rmilyen koroszt\u00e1lynak.\u00a0 Leggyakrabban k\u00f6z\u00e9p \u00e9s \u00e1ltal\u00e1nos iskol\u00e1kba j\u00e1runk \u00e9s tan\u00f3ra keret\u00e9ben tartunk \u00e9rz\u00e9keny\u00edt\u0151 el\u0151ad\u00e1sokat, foglalkoz\u00e1sokat gyerekeknek, de tartottunk m\u00e1r egyetemi szinten is \u00e9s \u00f3vod\u00e1ban is programot. &nbsp; Kapcsol\u00f3d\u00f3 h\u00edrek<\/p>","protected":false},"author":3,"featured_media":0,"parent":0,"menu_order":0,"comment_status":"closed","ping_status":"closed","template":"","meta":{"_et_pb_use_builder":"on","_et_pb_old_content":"","_et_gb_content_width":"","footnotes":""},"class_list":["post-4073","page","type-page","status-publish","hentry"],"_links":{"self":[{"href":"https:\/\/kozelafrikahoz.hu\/en\/wp-json\/wp\/v2\/pages\/4073","targetHints":{"allow":["GET"]}}],"collection":[{"href":"https:\/\/kozelafrikahoz.hu\/en\/wp-json\/wp\/v2\/pages"}],"about":[{"href":"https:\/\/kozelafrikahoz.hu\/en\/wp-json\/wp\/v2\/types\/page"}],"author":[{"embeddable":true,"href":"https:\/\/kozelafrikahoz.hu\/en\/wp-json\/wp\/v2\/users\/3"}],"replies":[{"embeddable":true,"href":"https:\/\/kozelafrikahoz.hu\/en\/wp-json\/wp\/v2\/comments?post=4073"}],"version-history":[{"count":8,"href":"https:\/\/kozelafrikahoz.hu\/en\/wp-json\/wp\/v2\/pages\/4073\/revisions"}],"predecessor-version":[{"id":4293,"href":"https:\/\/kozelafrikahoz.hu\/en\/wp-json\/wp\/v2\/pages\/4073\/revisions\/4293"}],"wp:attachment":[{"href":"https:\/\/kozelafrikahoz.hu\/en\/wp-json\/wp\/v2\/media?parent=4073"}],"curies":[{"name":"wp","href":"https:\/\/api.w.org\/{rel}","templated":true}]}}

[et_pb_section fb_built=&#8221;1&#8243; _builder_version=&#8221;4.21.0&#8243; global_colors_info=&#8221;{}&#8221;][et_pb_row _builder_version=&#8221;4.16&#8243; background_size=&#8221;initial&#8221; background_position=&#8221;top_left&#8221; background_repeat=&#8221;repeat&#8221; custom_padding=&#8221;26px|||||&#8221; global_colors_info=&#8221;{}&#8221;][et_pb_column type=&#8221;4_4&#8243; _builder_version=&#8221;4.16&#8243; custom_padding=&#8221;|||&#8221; global_colors_info=&#8221;{}&#8221; custom_padding__hover=&#8221;|||&#8221;][et_pb_text _builder_version=&#8221;4.21.0&#8243; background_size=&#8221;initial&#8221; background_position=&#8221;top_left&#8221; background_repeat=&#8221;repeat&#8221; global_colors_info=&#8221;{}&#8221;]<h1 style="text-align: center;">Előadások Afrikáról</h1>
<p><span style="font-size: 16px;">Magyarországi tevékenységünk keretében szívesen mesélünk Afrikáról bármikor bármilyen korosztálynak.  Leggyakrabban közép és általános iskolákba járunk és tanóra keretében tartunk érzékenyítő előadásokat, foglalkozásokat gyerekeknek, de tartottunk már egyetemi szinten is és óvodában is programot.</span></p>
<p>&nbsp;</p>
<!-- /divi:paragraph -->[/et_pb_text][/et_pb_column][/et_pb_row][et_pb_row column_structure=&#8221;1_2,1_2&#8243; _builder_version=&#8221;4.21.0&#8243; _module_preset=&#8221;default&#8221; global_colors_info=&#8221;{}&#8221;][et_pb_column type=&#8221;1_2&#8243; _builder_version=&#8221;4.21.0&#8243; _module_preset=&#8221;default&#8221; global_colors_info=&#8221;{}&#8221;][et_pb_image src=&#8221;https://kozelafrikahoz.hu/wp-content/uploads/2025/06/magyarorszagon-konferencia.png&#8221; title_text=&#8221;magyarorszagon-konferencia&#8221; _builder_version=&#8221;4.21.0&#8243; _module_preset=&#8221;default&#8221; global_colors_info=&#8221;{}&#8221;][/et_pb_image][/et_pb_column][et_pb_column type=&#8221;1_2&#8243; _builder_version=&#8221;4.21.0&#8243; _module_preset=&#8221;default&#8221; global_colors_info=&#8221;{}&#8221;][et_pb_image src=&#8221;https://kozelafrikahoz.hu/wp-content/uploads/2025/06/magyarorszagon-konferencia-2.png&#8221; title_text=&#8221;magyarorszagon-konferencia-2&#8243; _builder_version=&#8221;4.21.0&#8243; _module_preset=&#8221;default&#8221; global_colors_info=&#8221;{}&#8221;][/et_pb_image][/et_pb_column][/et_pb_row][et_pb_row _builder_version=&#8221;4.21.0&#8243; _module_preset=&#8221;default&#8221; global_colors_info=&#8221;{}&#8221;][et_pb_column type=&#8221;4_4&#8243; _builder_version=&#8221;4.21.0&#8243; _module_preset=&#8221;default&#8221; global_colors_info=&#8221;{}&#8221;][et_pb_text _builder_version=&#8221;4.21.0&#8243; _module_preset=&#8221;default&#8221; global_colors_info=&#8221;{}&#8221;]<h2>Kapcsolódó hírek</h2>[/et_pb_text][et_pb_blog posts_number=&#8221;3&#8243; include_categories=&#8221;44&#8243; show_more=&#8221;on&#8221; show_author=&#8221;off&#8221; show_categories=&#8221;off&#8221; show_pagination=&#8221;off&#8221; _builder_version=&#8221;4.21.0&#8243; _module_preset=&#8221;default&#8221; hover_enabled=&#8221;0&#8243; custom_css_main_element=&#8221;div:has(article) {||display: flex;||flex-wrap: wrap;||gap: 1rem;||justify-content: center;||max-width: 100%;||}||article {||  display: flex;||  flex-direction: column;||  text-wrap: balance;||  width: 250px;||}||||&#8221; custom_css_title=&#8221;padding-top: 0.5rem;&#8221; custom_css_featured_image=&#8221;height: 250px !important;||object-fit: cover;||padding: 0;||margin: 0;||&#8221; global_colors_info=&#8221;{}&#8221; custom_css_main_element_last_edited=&#8221;on|tablet&#8221; custom_css_main_element_tablet=&#8221;div:has(article) {||display: flex;||flex-wrap: wrap;||gap: 1rem;||justify-content: center;||max-width: 100%;||}||article {||  display: flex;||  flex-direction: column;||  text-wrap: balance;||  width: 100%;||}||&#8221; custom_css_main_element_phone=&#8221;div:has(article) {||display: flex;||flex-wrap: wrap;||gap: 1rem;||justify-content: center;||max-width: 100%;||}||article {||  display: flex;||  flex-direction: column;||  text-wrap: balance;||  width: 100%;||}||&#8221; sticky_enabled=&#8221;0&#8243;][/et_pb_blog][/et_pb_column][/et_pb_row][/et_pb_section]

<p>Előadások Afrikáról Magyarországi tevékenységünk keretében szívesen mesélünk Afrikáról bármikor bármilyen korosztálynak.  Leggyakrabban közép és általános iskolákba járunk és tanóra keretében tartunk érzékenyítő előadásokat, foglalkozásokat gyerekeknek, de tartottunk már egyetemi szinten is és óvodában is programot. &nbsp; Kapcsolódó hírek</p>
