{"id":4067,"date":"2025-05-29T08:19:48","date_gmt":"2025-05-29T06:19:48","guid":{"rendered":"https:\/\/kozelafrikahoz.hu\/?page_id=4067"},"modified":"2025-07-02T14:39:11","modified_gmt":"2025-07-02T12:39:11","slug":"kozossegepites","status":"publish","type":"page","link":"https:\/\/kozelafrikahoz.hu\/en\/kozossegepites\/","title":{"rendered":"Community Building"},"content":{"rendered":"\n[et_pb_section fb_built=&#8221;1&#8243; _builder_version=&#8221;4.21.0&#8243; global_colors_info=&#8221;{}&#8221;][et_pb_row _builder_version=&#8221;4.16&#8243; background_size=&#8221;initial&#8221; background_position=&#8221;top_left&#8221; background_repeat=&#8221;repeat&#8221; custom_padding=&#8221;26px|||||&#8221; global_colors_info=&#8221;{}&#8221;][et_pb_column type=&#8221;4_4&#8243; _builder_version=&#8221;4.16&#8243; custom_padding=&#8221;|||&#8221; global_colors_info=&#8221;{}&#8221; custom_padding__hover=&#8221;|||&#8221;][et_pb_text _builder_version=&#8221;4.21.0&#8243; background_size=&#8221;initial&#8221; background_position=&#8221;top_left&#8221; background_repeat=&#8221;repeat&#8221; hover_enabled=&#8221;0&#8243; global_colors_info=&#8221;{}&#8221; sticky_enabled=&#8221;0&#8243;]<h1>K\u00f6z\u00f6ss\u00e9g\u00e9p\u00edt\u00e9s<\/h1>\n<p><span data-contrast=\"auto\" xml:lang=\"HU-HU\" lang=\"HU-HU\" class=\"TextRun SCXW196314555 BCX0\"><span class=\"NormalTextRun SCXW196314555 BCX0\">Afrik\u00e1ban a k\u00f6z\u00f6ss\u00e9geknek \u00f3ri\u00e1si szerep\u00fck van az egy\u00e9n \u00e9let\u00e9ben. Van, ahol a nagy csal\u00e1d \u00e9s a t\u00f6rzs, van, ahol az \u00f6nszervez\u0151d\u0151 n\u0151i klubok, van, ahol a falusi kommun\u00e1k \u00e9s kal\u00e1k\u00e1k jelentik a k\u00f6z\u00f6ss\u00e9get. Ez egy olyan sz\u00e9ps\u00e9ge az afrikai l\u00e9tnek, amelyet <\/span><span class=\"NormalTextRun SCXW196314555 BCX0\">t\u00f6reksz\u00fcnk<\/span><span class=\"NormalTextRun SCXW196314555 BCX0\"> Magyarorsz\u00e1gon is n\u00e9pszer\u0171s\u00edteni. <\/span><\/span><span>K\u00f6vet\u0151inkt\u0151l, t\u00e1mogat\u00f3inkt\u00f3l is gyakran kapunk\u00a0olyan\u00a0visszajez\u00e9seket, amelyek a k\u00f6z\u00f6ss\u00e9ghez tartoz\u00e1s ig\u00e9ny\u00e9t sugallj\u00e1k. Ennek a szellem\u00e9ben tervezt\u00fck meg\u00a0p\u00e9ld\u00e1ul\u00a0a Hint of\u00a0Africa\u00a0Workshop-okat, ahol az \u00fajrahasznos\u00edt\u00e1s \u00e9s a divat mellett, tov\u00e1bbi izgalmas t\u00e9m\u00e1kkal v\u00e1rjuk az \u00e9rdekl\u0151d\u0151ket.\u00a0Aktu\u00e1lis r\u00e9szletek\u00e9rt \u00edrj az info@kozelafrikahoz.hu-ra.<\/span><span>\u00a0<\/span><\/p>\n<p>&nbsp;<\/p>\n<p><!-- \/divi:paragraph --><\/p>[\/et_pb_text][et_pb_gallery gallery_ids=&#8221;4204,4207,4208,4206&#8243; posts_number=&#8221;5&#8243; show_title_and_caption=&#8221;off&#8221; show_pagination=&#8221;off&#8221; _builder_version=&#8221;4.21.0&#8243; _module_preset=&#8221;default&#8221; global_colors_info=&#8221;{}&#8221;][\/et_pb_gallery][\/et_pb_column][\/et_pb_row][et_pb_row _builder_version=&#8221;4.21.0&#8243; _module_preset=&#8221;default&#8221; global_colors_info=&#8221;{}&#8221;][et_pb_column type=&#8221;4_4&#8243; _builder_version=&#8221;4.21.0&#8243; _module_preset=&#8221;default&#8221; global_colors_info=&#8221;{}&#8221;][et_pb_text _builder_version=&#8221;4.21.0&#8243; _module_preset=&#8221;default&#8221; global_colors_info=&#8221;{}&#8221;]<h2>Kapcsol\u00f3d\u00f3 h\u00edrek<\/h2>[\/et_pb_text][et_pb_blog posts_number=&#8221;3&#8243; include_categories=&#8221;45&#8243; show_more=&#8221;on&#8221; show_author=&#8221;off&#8221; show_categories=&#8221;off&#8221; show_pagination=&#8221;off&#8221; _builder_version=&#8221;4.21.0&#8243; _module_preset=&#8221;default&#8221; custom_css_main_element=&#8221;div:has(article) {||display: flex;||flex-wrap: wrap;||gap: 1rem;||justify-content: center;||max-width: 100%;||}||article {||  display: flex;||  flex-direction: column;||  text-wrap: balance;||  width: 250px;||}||||&#8221; custom_css_title=&#8221;padding-top: 0.5rem;&#8221; custom_css_featured_image=&#8221;height: 250px !important;||object-fit: cover;||padding: 0;||margin: 0;||&#8221; global_colors_info=&#8221;{}&#8221; custom_css_main_element_last_edited=&#8221;on|tablet&#8221; custom_css_main_element_tablet=&#8221;div:has(article) {||display: flex;||flex-wrap: wrap;||gap: 1rem;||justify-content: center;||max-width: 100%;||}||article {||  display: flex;||  flex-direction: column;||  text-wrap: balance;||  width: 100%;||}||&#8221; custom_css_main_element_phone=&#8221;div:has(article) {||display: flex;||flex-wrap: wrap;||gap: 1rem;||justify-content: center;||max-width: 100%;||}||article {||  display: flex;||  flex-direction: column;||  text-wrap: balance;||  width: 100%;||}||&#8221;][\/et_pb_blog][\/et_pb_column][\/et_pb_row][\/et_pb_section]\n","protected":false},"excerpt":{"rendered":"<p>K\u00f6z\u00f6ss\u00e9g\u00e9p\u00edt\u00e9s Afrik\u00e1ban a k\u00f6z\u00f6ss\u00e9geknek \u00f3ri\u00e1si szerep\u00fck van az egy\u00e9n \u00e9let\u00e9ben. Van, ahol a nagy csal\u00e1d \u00e9s a t\u00f6rzs, van, ahol az \u00f6nszervez\u0151d\u0151 n\u0151i klubok, van, ahol a falusi kommun\u00e1k \u00e9s kal\u00e1k\u00e1k jelentik a k\u00f6z\u00f6ss\u00e9get. Ez egy olyan sz\u00e9ps\u00e9ge az afrikai l\u00e9tnek, amelyet t\u00f6reksz\u00fcnk Magyarorsz\u00e1gon is n\u00e9pszer\u0171s\u00edteni. K\u00f6vet\u0151inkt\u0151l, t\u00e1mogat\u00f3inkt\u00f3l is gyakran kapunk\u00a0olyan\u00a0visszajez\u00e9seket, amelyek a k\u00f6z\u00f6ss\u00e9ghez tartoz\u00e1s [&hellip;]<\/p>\n","protected":false},"author":3,"featured_media":0,"parent":0,"menu_order":0,"comment_status":"closed","ping_status":"closed","template":"","meta":{"_et_pb_use_builder":"on","_et_pb_old_content":"","_et_gb_content_width":"","footnotes":""},"class_list":["post-4067","page","type-page","status-publish","hentry"],"_links":{"self":[{"href":"https:\/\/kozelafrikahoz.hu\/en\/wp-json\/wp\/v2\/pages\/4067","targetHints":{"allow":["GET"]}}],"collection":[{"href":"https:\/\/kozelafrikahoz.hu\/en\/wp-json\/wp\/v2\/pages"}],"about":[{"href":"https:\/\/kozelafrikahoz.hu\/en\/wp-json\/wp\/v2\/types\/page"}],"author":[{"embeddable":true,"href":"https:\/\/kozelafrikahoz.hu\/en\/wp-json\/wp\/v2\/users\/3"}],"replies":[{"embeddable":true,"href":"https:\/\/kozelafrikahoz.hu\/en\/wp-json\/wp\/v2\/comments?post=4067"}],"version-history":[{"count":10,"href":"https:\/\/kozelafrikahoz.hu\/en\/wp-json\/wp\/v2\/pages\/4067\/revisions"}],"predecessor-version":[{"id":4296,"href":"https:\/\/kozelafrikahoz.hu\/en\/wp-json\/wp\/v2\/pages\/4067\/revisions\/4296"}],"wp:attachment":[{"href":"https:\/\/kozelafrikahoz.hu\/en\/wp-json\/wp\/v2\/media?parent=4067"}],"curies":[{"name":"wp","href":"https:\/\/api.w.org\/{rel}","templated":true}]}}

[et_pb_section fb_built=&#8221;1&#8243; _builder_version=&#8221;4.21.0&#8243; global_colors_info=&#8221;{}&#8221;][et_pb_row _builder_version=&#8221;4.16&#8243; background_size=&#8221;initial&#8221; background_position=&#8221;top_left&#8221; background_repeat=&#8221;repeat&#8221; custom_padding=&#8221;26px|||||&#8221; global_colors_info=&#8221;{}&#8221;][et_pb_column type=&#8221;4_4&#8243; _builder_version=&#8221;4.16&#8243; custom_padding=&#8221;|||&#8221; global_colors_info=&#8221;{}&#8221; custom_padding__hover=&#8221;|||&#8221;][et_pb_text _builder_version=&#8221;4.21.0&#8243; background_size=&#8221;initial&#8221; background_position=&#8221;top_left&#8221; background_repeat=&#8221;repeat&#8221; hover_enabled=&#8221;0&#8243; global_colors_info=&#8221;{}&#8221; sticky_enabled=&#8221;0&#8243;]<h1>Közösségépítés</h1>
<p><span data-contrast="auto" xml:lang="HU-HU" lang="HU-HU" class="TextRun SCXW196314555 BCX0"><span class="NormalTextRun SCXW196314555 BCX0">Afrikában a közösségeknek óriási szerepük van az egyén életében. Van, ahol a nagy család és a törzs, van, ahol az önszerveződő női klubok, van, ahol a falusi kommunák és kalákák jelentik a közösséget. Ez egy olyan szépsége az afrikai létnek, amelyet </span><span class="NormalTextRun SCXW196314555 BCX0">törekszünk</span><span class="NormalTextRun SCXW196314555 BCX0"> Magyarországon is népszerűsíteni. </span></span><span>Követőinktől, támogatóinktól is gyakran kapunk olyan visszajezéseket, amelyek a közösséghez tartozás igényét sugallják. Ennek a szellemében terveztük meg például a Hint of Africa Workshop-okat, ahol az újrahasznosítás és a divat mellett, további izgalmas témákkal várjuk az érdeklődőket. Aktuális részletekért írj az info@kozelafrikahoz.hu-ra.</span><span> </span></p>
<p>&nbsp;</p>
<p><!-- /divi:paragraph --></p>[/et_pb_text][et_pb_gallery gallery_ids=&#8221;4204,4207,4208,4206&#8243; posts_number=&#8221;5&#8243; show_title_and_caption=&#8221;off&#8221; show_pagination=&#8221;off&#8221; _builder_version=&#8221;4.21.0&#8243; _module_preset=&#8221;default&#8221; global_colors_info=&#8221;{}&#8221;][/et_pb_gallery][/et_pb_column][/et_pb_row][et_pb_row _builder_version=&#8221;4.21.0&#8243; _module_preset=&#8221;default&#8221; global_colors_info=&#8221;{}&#8221;][et_pb_column type=&#8221;4_4&#8243; _builder_version=&#8221;4.21.0&#8243; _module_preset=&#8221;default&#8221; global_colors_info=&#8221;{}&#8221;][et_pb_text _builder_version=&#8221;4.21.0&#8243; _module_preset=&#8221;default&#8221; global_colors_info=&#8221;{}&#8221;]<h2>Kapcsolódó hírek</h2>[/et_pb_text][et_pb_blog posts_number=&#8221;3&#8243; include_categories=&#8221;45&#8243; show_more=&#8221;on&#8221; show_author=&#8221;off&#8221; show_categories=&#8221;off&#8221; show_pagination=&#8221;off&#8221; _builder_version=&#8221;4.21.0&#8243; _module_preset=&#8221;default&#8221; custom_css_main_element=&#8221;div:has(article) {||display: flex;||flex-wrap: wrap;||gap: 1rem;||justify-content: center;||max-width: 100%;||}||article {||  display: flex;||  flex-direction: column;||  text-wrap: balance;||  width: 250px;||}||||&#8221; custom_css_title=&#8221;padding-top: 0.5rem;&#8221; custom_css_featured_image=&#8221;height: 250px !important;||object-fit: cover;||padding: 0;||margin: 0;||&#8221; global_colors_info=&#8221;{}&#8221; custom_css_main_element_last_edited=&#8221;on|tablet&#8221; custom_css_main_element_tablet=&#8221;div:has(article) {||display: flex;||flex-wrap: wrap;||gap: 1rem;||justify-content: center;||max-width: 100%;||}||article {||  display: flex;||  flex-direction: column;||  text-wrap: balance;||  width: 100%;||}||&#8221; custom_css_main_element_phone=&#8221;div:has(article) {||display: flex;||flex-wrap: wrap;||gap: 1rem;||justify-content: center;||max-width: 100%;||}||article {||  display: flex;||  flex-direction: column;||  text-wrap: balance;||  width: 100%;||}||&#8221;][/et_pb_blog][/et_pb_column][/et_pb_row][/et_pb_section]

<p>Közösségépítés Afrikában a közösségeknek óriási szerepük van az egyén életében. Van, ahol a nagy család és a törzs, van, ahol az önszerveződő női klubok, van, ahol a falusi kommunák és kalákák jelentik a közösséget. Ez egy olyan szépsége az afrikai létnek, amelyet törekszünk Magyarországon is népszerűsíteni. Követőinktől, támogatóinktól is gyakran kapunk olyan visszajezéseket, amelyek a közösséghez tartozás [&hellip;]</p>
